












{"id":12,"date":"2016-03-02T10:22:43","date_gmt":"2016-03-02T09:22:43","guid":{"rendered":"http:\/\/www.haslmaier.com\/bestattung\/?page_id=12"},"modified":"2019-12-31T16:30:37","modified_gmt":"2019-12-31T15:30:37","slug":"unternehmen","status":"publish","type":"page","link":"http:\/\/www.haslmaier.com\/bestattung\/unternehmen\/","title":{"rendered":"Unternehmen"},"content":{"rendered":"<div id=\"metaslider-id-17\" style=\"width: 100%;\" class=\"ml-slider-3-108-0 ml-slider-pro-2-56-0 metaslider metaslider-flex metaslider-17 ml-slider ms-theme-default nav-hidden\" role=\"region\" aria-label=\"Neue Diashow\" data-height=\"700\" data-width=\"2400\">\n    <div id=\"metaslider_container_17\">\n        <div id=\"metaslider_17\">\n            <ul class='slides'>\n                <li style=\"display: block; width: 100%;\" class=\"slide-20 ms-image \" aria-roledescription=\"slide\" data-date=\"2016-03-02 11:14:55\" data-filename=\"Slide1.jpg\" data-slide-type=\"image\"><img loading=\"lazy\" decoding=\"async\" src=\"http:\/\/www.haslmaier.com\/bestattung\/wp-content\/uploads\/Slide1.jpg\" height=\"700\" width=\"2400\" alt=\"\" class=\"slider-17 slide-20 msDefaultImage\" \/><\/li>\n                <li style=\"display: none; width: 100%;\" class=\"slide-22 ms-image \" aria-roledescription=\"slide\" data-date=\"2016-03-02 11:15:09\" data-filename=\"Slide5.jpg\" data-slide-type=\"image\"><img loading=\"lazy\" decoding=\"async\" src=\"http:\/\/www.haslmaier.com\/bestattung\/wp-content\/uploads\/Slide5.jpg\" height=\"700\" width=\"2400\" alt=\"\" class=\"slider-17 slide-22 msDefaultImage\" \/><\/li>\n                <li style=\"display: none; width: 100%;\" class=\"slide-18 ms-image \" aria-roledescription=\"slide\" data-date=\"2016-03-02 11:14:38\" data-filename=\"Slide2.jpg\" data-slide-type=\"image\"><img loading=\"lazy\" decoding=\"async\" src=\"http:\/\/www.haslmaier.com\/bestattung\/wp-content\/uploads\/Slide2.jpg\" height=\"700\" width=\"2400\" alt=\"\" class=\"slider-17 slide-18 msDefaultImage\" \/><\/li>\n                <li style=\"display: none; width: 100%;\" class=\"slide-21 ms-image \" aria-roledescription=\"slide\" data-date=\"2016-03-02 11:15:02\" data-filename=\"Slide4.jpg\" data-slide-type=\"image\"><img loading=\"lazy\" decoding=\"async\" src=\"http:\/\/www.haslmaier.com\/bestattung\/wp-content\/uploads\/Slide4.jpg\" height=\"700\" width=\"2400\" alt=\"\" class=\"slider-17 slide-21 msDefaultImage\" \/><\/li>\n                <li style=\"display: none; width: 100%;\" class=\"slide-19 ms-image \" aria-roledescription=\"slide\" data-date=\"2016-03-02 11:14:42\" data-filename=\"Slide3.jpg\" data-slide-type=\"image\"><img loading=\"lazy\" decoding=\"async\" src=\"http:\/\/www.haslmaier.com\/bestattung\/wp-content\/uploads\/Slide3.jpg\" height=\"700\" width=\"2400\" alt=\"\" class=\"slider-17 slide-19 msDefaultImage\" \/><\/li>\n                <li style=\"display: none; width: 100%;\" class=\"slide-23 ms-image \" aria-roledescription=\"slide\" data-date=\"2016-03-02 11:15:18\" data-filename=\"Slide6.jpg\" data-slide-type=\"image\"><img loading=\"lazy\" decoding=\"async\" src=\"http:\/\/www.haslmaier.com\/bestattung\/wp-content\/uploads\/Slide6.jpg\" height=\"700\" width=\"2400\" alt=\"\" class=\"slider-17 slide-23 msDefaultImage\" \/><\/li>\n            <\/ul>\n        <\/div>\n        \n    <\/div>\n<\/div>\n<div class='conblock con-grey clearfix'><div class='conblock-inner'>\n<h1>Unternehmen<\/h1>\n<h3>Bestattung\u00a0Haslmaier\u00a0&#8211; Kommen Sie zur Ruhe!<\/h3>\n<div class='colorline'><\/div>\n<p style=\"text-align: center;\"><strong>&#8222;Ein Volk wird danach beurteilt, wie es seine Toten bestattet.&#8220;<\/strong><i> (-Perikles)<\/i><\/p>\n<div class='colorline'><\/div>\n<p><strong>Liebe trauernde Angeh\u00f6rige !<\/strong><\/p>\n<div class='cols3 cols gap clearfix'>\n<div class='col colspan2 '>\n<p>Das <strong>Bestattungsunternehmen Haslmaier<\/strong> wurde von meinem Gro\u00dfvater Josef H\u00f6glinger (vulgo Schultischler) gegr\u00fcndet. Sein Schwiegersohn, mein Vater, Robert Haslmaier sen. \u00fcbernahm diese T\u00e4tigkeit bis ich, Robert Haslmaier, diese im Jahr 1994 von Ihm \u00fcbernahm.<\/p>\n<p>Mir pers\u00f6nlich ist es ein Anliegen, den Hinterbliebenen in Ihrer Situation eine Hilfestellung zu geben, um sie in dieser schweren Zeit zu begleiten und zur Seite zu stehen. Ich bin ihr Ansprechpartner in dieser schwierigen Zeit.<\/p>\n<p>Ich bin in den <strong>Pfarrgemeinden Sarleinsbach, Putzleinsdorf und Pfarrkirchen<\/strong> i. Mkr. als Bestattungsunternehmen t\u00e4tig.<\/p>\n<p><strong>Ihr Robert Haslmaier<\/strong><\/p>\n<\/div>\n<div class='col colspan last'>\n<p><img loading=\"lazy\" decoding=\"async\" class=\"alignnone wp-image-63 size-medium\" src=\"http:\/\/www.haslmaier.com\/bestattung\/wp-content\/uploads\/iStock_000056865510_Large-e1456991068690-550x386.jpg\" alt=\"\" width=\"550\" height=\"386\" \/><\/p>\n<\/div>\n<\/div>\n<div class='colorline'><\/div>\n<h3>Einf\u00fchlungsverm\u00f6gen und Verst\u00e4ndnis \u2013 Bestattung Haslmaier<\/h3>\n<p>F\u00fcr Fragen stehe ich\u00a0Ihnen gerne zur Verf\u00fcgung\u00a0 \u2013 kontaktieren Sie mich\u00a0unter der\u00a0Telefonnummer <strong>+43 664\u00a0853 82 52<\/strong> oder schicken Sie\u00a0<a href=\"mailto:&#x72;&#x6f;&#x62;&#x65;&#x72;&#x74;&#x2e;&#x68;&#x61;&#x73;&#x6c;&#x6d;&#x61;&#x69;&#x65;&#x72;&#x40;&#x67;&#x6d;&#x61;&#x69;&#x6c;&#x2e;&#x63;&#x6f;&#x6d;\">Ihre Anfrage!<\/a><\/p>\n<\/div> <\/div>","protected":false},"excerpt":{"rendered":"","protected":false},"author":3,"featured_media":0,"parent":0,"menu_order":2,"comment_status":"closed","ping_status":"closed","template":"","meta":{"footnotes":""},"class_list":["post-12","page","type-page","status-publish","hentry"],"_links":{"self":[{"href":"http:\/\/www.haslmaier.com\/bestattung\/wp-json\/wp\/v2\/pages\/12","targetHints":{"allow":["GET"]}}],"collection":[{"href":"http:\/\/www.haslmaier.com\/bestattung\/wp-json\/wp\/v2\/pages"}],"about":[{"href":"http:\/\/www.haslmaier.com\/bestattung\/wp-json\/wp\/v2\/types\/page"}],"author":[{"embeddable":true,"href":"http:\/\/www.haslmaier.com\/bestattung\/wp-json\/wp\/v2\/users\/3"}],"replies":[{"embeddable":true,"href":"http:\/\/www.haslmaier.com\/bestattung\/wp-json\/wp\/v2\/comments?post=12"}],"version-history":[{"count":9,"href":"http:\/\/www.haslmaier.com\/bestattung\/wp-json\/wp\/v2\/pages\/12\/revisions"}],"predecessor-version":[{"id":440,"href":"http:\/\/www.haslmaier.com\/bestattung\/wp-json\/wp\/v2\/pages\/12\/revisions\/440"}],"wp:attachment":[{"href":"http:\/\/www.haslmaier.com\/bestattung\/wp-json\/wp\/v2\/media?parent=12"}],"curies":[{"name":"wp","href":"https:\/\/api.w.org\/{rel}","templated":true}]}}