












{"id":129,"date":"2017-01-04T11:44:10","date_gmt":"2017-01-04T10:44:10","guid":{"rendered":"http:\/\/www.haslmaier.com\/bestattung\/?page_id=129"},"modified":"2019-10-29T11:21:40","modified_gmt":"2019-10-29T10:21:40","slug":"welche-bestattung","status":"publish","type":"page","link":"http:\/\/www.haslmaier.com\/bestattung\/welche-bestattung\/","title":{"rendered":"Welche Bestattung"},"content":{"rendered":"<div id=\"metaslider-id-17\" style=\"width: 100%;\" class=\"ml-slider-3-108-0 ml-slider-pro-2-56-0 metaslider metaslider-flex metaslider-17 ml-slider ms-theme-default nav-hidden\" role=\"region\" aria-label=\"Neue Diashow\" data-height=\"700\" data-width=\"2400\">\n    <div id=\"metaslider_container_17\">\n        <div id=\"metaslider_17\">\n            <ul class='slides'>\n                <li style=\"display: block; width: 100%;\" class=\"slide-20 ms-image \" aria-roledescription=\"slide\" data-date=\"2016-03-02 11:14:55\" data-filename=\"Slide1.jpg\" data-slide-type=\"image\"><img loading=\"lazy\" decoding=\"async\" src=\"http:\/\/www.haslmaier.com\/bestattung\/wp-content\/uploads\/Slide1.jpg\" height=\"700\" width=\"2400\" alt=\"\" class=\"slider-17 slide-20 msDefaultImage\" \/><\/li>\n                <li style=\"display: none; width: 100%;\" class=\"slide-22 ms-image \" aria-roledescription=\"slide\" data-date=\"2016-03-02 11:15:09\" data-filename=\"Slide5.jpg\" data-slide-type=\"image\"><img loading=\"lazy\" decoding=\"async\" src=\"http:\/\/www.haslmaier.com\/bestattung\/wp-content\/uploads\/Slide5.jpg\" height=\"700\" width=\"2400\" alt=\"\" class=\"slider-17 slide-22 msDefaultImage\" \/><\/li>\n                <li style=\"display: none; width: 100%;\" class=\"slide-18 ms-image \" aria-roledescription=\"slide\" data-date=\"2016-03-02 11:14:38\" data-filename=\"Slide2.jpg\" data-slide-type=\"image\"><img loading=\"lazy\" decoding=\"async\" src=\"http:\/\/www.haslmaier.com\/bestattung\/wp-content\/uploads\/Slide2.jpg\" height=\"700\" width=\"2400\" alt=\"\" class=\"slider-17 slide-18 msDefaultImage\" \/><\/li>\n                <li style=\"display: none; width: 100%;\" class=\"slide-21 ms-image \" aria-roledescription=\"slide\" data-date=\"2016-03-02 11:15:02\" data-filename=\"Slide4.jpg\" data-slide-type=\"image\"><img loading=\"lazy\" decoding=\"async\" src=\"http:\/\/www.haslmaier.com\/bestattung\/wp-content\/uploads\/Slide4.jpg\" height=\"700\" width=\"2400\" alt=\"\" class=\"slider-17 slide-21 msDefaultImage\" \/><\/li>\n                <li style=\"display: none; width: 100%;\" class=\"slide-19 ms-image \" aria-roledescription=\"slide\" data-date=\"2016-03-02 11:14:42\" data-filename=\"Slide3.jpg\" data-slide-type=\"image\"><img loading=\"lazy\" decoding=\"async\" src=\"http:\/\/www.haslmaier.com\/bestattung\/wp-content\/uploads\/Slide3.jpg\" height=\"700\" width=\"2400\" alt=\"\" class=\"slider-17 slide-19 msDefaultImage\" \/><\/li>\n                <li style=\"display: none; width: 100%;\" class=\"slide-23 ms-image \" aria-roledescription=\"slide\" data-date=\"2016-03-02 11:15:18\" data-filename=\"Slide6.jpg\" data-slide-type=\"image\"><img loading=\"lazy\" decoding=\"async\" src=\"http:\/\/www.haslmaier.com\/bestattung\/wp-content\/uploads\/Slide6.jpg\" height=\"700\" width=\"2400\" alt=\"\" class=\"slider-17 slide-23 msDefaultImage\" \/><\/li>\n            <\/ul>\n        <\/div>\n        \n    <\/div>\n<\/div>\n<div class='conblock con-grey clearfix'><div class='conblock-inner'>\n<h1>Welche Bestattung f\u00fchre ich durch<\/h1>\n<h3>Bestattung\u00a0Haslmaier\u00a0&#8211;\u00a0Individuell und fachlich!<\/h3>\n<div class='colorline'><\/div>\n<p style=\"text-align: center;\"><strong>&#8222;Auferstehung ist unser Glaube, Wiedersehen unsere Hoffnung, Gedenken unsere Liebe.&#8220;<br \/>\n<\/strong><em>(-Ein Hoffnungsspruch des Heiligen und Kirchenvaters Augustinus)<\/em><\/p>\n<div class='colorline'><\/div>\n<p>So einzigartig jeder Mensch in seiner Pers\u00f6nlichkeit ist, so sollen auch bei der Trauerfeier m\u00f6glichst seine Vorlieben und Vorstellungen entsprechend ber\u00fccksichtigt werden. Individuell und fachlich gestalten wir die Durchf\u00fchrung und Organisation. Wir helfen Ihnen dabei diese Trauerfeier zu realisieren.<\/p>\n<p>Die Bestattungsart richtet sich auch nach dem Wunsch des Verstorbenen, bzw. seiner n\u00e4chsten Angeh\u00f6rigen.<\/p>\n<p>Wir organisieren sowohl Erd-, Feuer- und auch Flussbestattungen.<\/p>\n\n<div class='cols3 cols gap clearfix'>\n<div class='col colspan '>\n<p><img loading=\"lazy\" decoding=\"async\" class=\"wp-image-212 size-medium aligncenter\" src=\"http:\/\/www.haslmaier.com\/bestattung\/wp-content\/uploads\/iStock-486325973-550x366.jpg\" alt=\"\" width=\"550\" height=\"366\" \/><\/p>\n<p style=\"text-align: center;\"><a class=\"button\" href=\"http:\/\/www.haslmaier.com\/bestattung\/welche-bestattung\/erdbestattung\/\">Erdbestattung<\/a><\/p>\n<p style=\"text-align: left;\"><\/div>\n<div class='col colspan '>\n<\/p><p><img loading=\"lazy\" decoding=\"async\" class=\"wp-image-211 size-medium aligncenter\" src=\"http:\/\/www.haslmaier.com\/bestattung\/wp-content\/uploads\/iStock-465280303-550x366.jpg\" alt=\"\" width=\"550\" height=\"366\" \/><\/p>\n<p style=\"text-align: center;\"><a class=\"button\" href=\"http:\/\/www.haslmaier.com\/bestattung\/welche-bestattung\/feuerbestattung\/\">Feuerbestattung<\/a><\/p>\n<\/div>\n<div class='col colspan last'>\n<p><img loading=\"lazy\" decoding=\"async\" class=\"wp-image-213 size-medium aligncenter\" src=\"http:\/\/www.haslmaier.com\/bestattung\/wp-content\/uploads\/iStock-501240515-550x367.jpg\" alt=\"\" width=\"550\" height=\"367\" \/><\/p>\n<p style=\"text-align: center;\"><a class=\"button\" href=\"http:\/\/www.haslmaier.com\/bestattung\/welche-bestattung\/flussbestattung\/\">Flussbestattung in der Donau<\/a><\/p>\n<\/div>\n<\/div>\n<div class='colorline'><\/div>\n<h3>Bestattung Haslmaier &#8211; Erd-\/Feuer- oder Flussbestattung in Ober\u00f6sterreich<\/h3>\n<p>F\u00fcr Fragen stehe ich\u00a0Ihnen gerne zur Verf\u00fcgung\u00a0 \u2013 kontaktieren Sie mich\u00a0unter der\u00a0Telefonnummer <strong>+43 664\u00a0853 82 52<\/strong>\u00a0oder schicken Sie\u00a0<a href=\"mailto:&#x72;&#x6f;&#x62;&#x65;&#x72;&#x74;&#x2e;&#x68;&#x61;&#x73;&#x6c;&#x6d;&#x61;&#x69;&#x65;&#x72;&#x40;&#x67;&#x6d;&#x61;&#x69;&#x6c;&#x2e;&#x63;&#x6f;&#x6d;\">Ihre Anfrage!<\/a><\/p>\n<\/div> <\/div>","protected":false},"excerpt":{"rendered":"","protected":false},"author":3,"featured_media":0,"parent":0,"menu_order":5,"comment_status":"closed","ping_status":"closed","template":"","meta":{"footnotes":""},"class_list":["post-129","page","type-page","status-publish","hentry"],"_links":{"self":[{"href":"http:\/\/www.haslmaier.com\/bestattung\/wp-json\/wp\/v2\/pages\/129","targetHints":{"allow":["GET"]}}],"collection":[{"href":"http:\/\/www.haslmaier.com\/bestattung\/wp-json\/wp\/v2\/pages"}],"about":[{"href":"http:\/\/www.haslmaier.com\/bestattung\/wp-json\/wp\/v2\/types\/page"}],"author":[{"embeddable":true,"href":"http:\/\/www.haslmaier.com\/bestattung\/wp-json\/wp\/v2\/users\/3"}],"replies":[{"embeddable":true,"href":"http:\/\/www.haslmaier.com\/bestattung\/wp-json\/wp\/v2\/comments?post=129"}],"version-history":[{"count":10,"href":"http:\/\/www.haslmaier.com\/bestattung\/wp-json\/wp\/v2\/pages\/129\/revisions"}],"predecessor-version":[{"id":426,"href":"http:\/\/www.haslmaier.com\/bestattung\/wp-json\/wp\/v2\/pages\/129\/revisions\/426"}],"wp:attachment":[{"href":"http:\/\/www.haslmaier.com\/bestattung\/wp-json\/wp\/v2\/media?parent=129"}],"curies":[{"name":"wp","href":"https:\/\/api.w.org\/{rel}","templated":true}]}}

<div id="metaslider-id-17" style="width: 100%;" class="ml-slider-3-108-0 ml-slider-pro-2-56-0 metaslider metaslider-flex metaslider-17 ml-slider ms-theme-default nav-hidden" role="region" aria-label="Neue Diashow" data-height="700" data-width="2400">
    <div id="metaslider_container_17">
        <div id="metaslider_17">
            <ul class='slides'>
                <li style="display: block; width: 100%;" class="slide-20 ms-image " aria-roledescription="slide" data-date="2016-03-02 11:14:55" data-filename="Slide1.jpg" data-slide-type="image"><img loading="lazy" decoding="async" src="http://www.haslmaier.com/bestattung/wp-content/uploads/Slide1.jpg" height="700" width="2400" alt="" class="slider-17 slide-20 msDefaultImage" /></li>
                <li style="display: none; width: 100%;" class="slide-22 ms-image " aria-roledescription="slide" data-date="2016-03-02 11:15:09" data-filename="Slide5.jpg" data-slide-type="image"><img loading="lazy" decoding="async" src="http://www.haslmaier.com/bestattung/wp-content/uploads/Slide5.jpg" height="700" width="2400" alt="" class="slider-17 slide-22 msDefaultImage" /></li>
                <li style="display: none; width: 100%;" class="slide-18 ms-image " aria-roledescription="slide" data-date="2016-03-02 11:14:38" data-filename="Slide2.jpg" data-slide-type="image"><img loading="lazy" decoding="async" src="http://www.haslmaier.com/bestattung/wp-content/uploads/Slide2.jpg" height="700" width="2400" alt="" class="slider-17 slide-18 msDefaultImage" /></li>
                <li style="display: none; width: 100%;" class="slide-21 ms-image " aria-roledescription="slide" data-date="2016-03-02 11:15:02" data-filename="Slide4.jpg" data-slide-type="image"><img loading="lazy" decoding="async" src="http://www.haslmaier.com/bestattung/wp-content/uploads/Slide4.jpg" height="700" width="2400" alt="" class="slider-17 slide-21 msDefaultImage" /></li>
                <li style="display: none; width: 100%;" class="slide-19 ms-image " aria-roledescription="slide" data-date="2016-03-02 11:14:42" data-filename="Slide3.jpg" data-slide-type="image"><img loading="lazy" decoding="async" src="http://www.haslmaier.com/bestattung/wp-content/uploads/Slide3.jpg" height="700" width="2400" alt="" class="slider-17 slide-19 msDefaultImage" /></li>
                <li style="display: none; width: 100%;" class="slide-23 ms-image " aria-roledescription="slide" data-date="2016-03-02 11:15:18" data-filename="Slide6.jpg" data-slide-type="image"><img loading="lazy" decoding="async" src="http://www.haslmaier.com/bestattung/wp-content/uploads/Slide6.jpg" height="700" width="2400" alt="" class="slider-17 slide-23 msDefaultImage" /></li>
            </ul>
        </div>
        
    </div>
</div>
<div class='conblock con-grey clearfix'><div class='conblock-inner'>
<h1>Welche Bestattung führe ich durch</h1>
<h3>Bestattung Haslmaier &#8211; Individuell und fachlich!</h3>
<div class='colorline'></div>
<p style="text-align: center;"><strong>&#8222;Auferstehung ist unser Glaube, Wiedersehen unsere Hoffnung, Gedenken unsere Liebe.&#8220;<br />
</strong><em>(-Ein Hoffnungsspruch des Heiligen und Kirchenvaters Augustinus)</em></p>
<div class='colorline'></div>
<p>So einzigartig jeder Mensch in seiner Persönlichkeit ist, so sollen auch bei der Trauerfeier möglichst seine Vorlieben und Vorstellungen entsprechend berücksichtigt werden. Individuell und fachlich gestalten wir die Durchführung und Organisation. Wir helfen Ihnen dabei diese Trauerfeier zu realisieren.</p>
<p>Die Bestattungsart richtet sich auch nach dem Wunsch des Verstorbenen, bzw. seiner nächsten Angehörigen.</p>
<p>Wir organisieren sowohl Erd-, Feuer- und auch Flussbestattungen.</p>

<div class='cols3 cols gap clearfix'>
<div class='col colspan '>
<p><img loading="lazy" decoding="async" class="wp-image-212 size-medium aligncenter" src="http://www.haslmaier.com/bestattung/wp-content/uploads/iStock-486325973-550x366.jpg" alt="" width="550" height="366" /></p>
<p style="text-align: center;"><a class="button" href="http://www.haslmaier.com/bestattung/welche-bestattung/erdbestattung/">Erdbestattung</a></p>
<p style="text-align: left;"></div>
<div class='col colspan '>
</p><p><img loading="lazy" decoding="async" class="wp-image-211 size-medium aligncenter" src="http://www.haslmaier.com/bestattung/wp-content/uploads/iStock-465280303-550x366.jpg" alt="" width="550" height="366" /></p>
<p style="text-align: center;"><a class="button" href="http://www.haslmaier.com/bestattung/welche-bestattung/feuerbestattung/">Feuerbestattung</a></p>
</div>
<div class='col colspan last'>
<p><img loading="lazy" decoding="async" class="wp-image-213 size-medium aligncenter" src="http://www.haslmaier.com/bestattung/wp-content/uploads/iStock-501240515-550x367.jpg" alt="" width="550" height="367" /></p>
<p style="text-align: center;"><a class="button" href="http://www.haslmaier.com/bestattung/welche-bestattung/flussbestattung/">Flussbestattung in der Donau</a></p>
</div>
</div>
<div class='colorline'></div>
<h3>Bestattung Haslmaier &#8211; Erd-/Feuer- oder Flussbestattung in Oberösterreich</h3>
<p>Für Fragen stehe ich Ihnen gerne zur Verfügung  – kontaktieren Sie mich unter der Telefonnummer <strong>+43 664 853 82 52</strong> oder schicken Sie <a href="mailto:&#x72;&#x6f;&#x62;&#x65;&#x72;&#x74;&#x2e;&#x68;&#x61;&#x73;&#x6c;&#x6d;&#x61;&#x69;&#x65;&#x72;&#x40;&#x67;&#x6d;&#x61;&#x69;&#x6c;&#x2e;&#x63;&#x6f;&#x6d;">Ihre Anfrage!</a></p>
</div> </div>
