












{"id":34,"date":"2016-03-02T11:25:11","date_gmt":"2016-03-02T10:25:11","guid":{"rendered":"http:\/\/www.haslmaier.com\/bestattung\/?page_id=34"},"modified":"2024-12-10T08:43:15","modified_gmt":"2024-12-10T07:43:15","slug":"leistungen","status":"publish","type":"page","link":"http:\/\/www.haslmaier.com\/bestattung\/leistungen\/","title":{"rendered":"Im Fall eines Sterbefalls"},"content":{"rendered":"<div id=\"metaslider-id-17\" style=\"width: 100%;\" class=\"ml-slider-3-108-0 ml-slider-pro-2-56-0 metaslider metaslider-flex metaslider-17 ml-slider ms-theme-default nav-hidden\" role=\"region\" aria-label=\"Neue Diashow\" data-height=\"700\" data-width=\"2400\">\n    <div id=\"metaslider_container_17\">\n        <div id=\"metaslider_17\">\n            <ul class='slides'>\n                <li style=\"display: block; width: 100%;\" class=\"slide-20 ms-image \" aria-roledescription=\"slide\" data-date=\"2016-03-02 11:14:55\" data-filename=\"Slide1.jpg\" data-slide-type=\"image\"><img loading=\"lazy\" decoding=\"async\" src=\"http:\/\/www.haslmaier.com\/bestattung\/wp-content\/uploads\/Slide1.jpg\" height=\"700\" width=\"2400\" alt=\"\" class=\"slider-17 slide-20 msDefaultImage\" \/><\/li>\n                <li style=\"display: none; width: 100%;\" class=\"slide-22 ms-image \" aria-roledescription=\"slide\" data-date=\"2016-03-02 11:15:09\" data-filename=\"Slide5.jpg\" data-slide-type=\"image\"><img loading=\"lazy\" decoding=\"async\" src=\"http:\/\/www.haslmaier.com\/bestattung\/wp-content\/uploads\/Slide5.jpg\" height=\"700\" width=\"2400\" alt=\"\" class=\"slider-17 slide-22 msDefaultImage\" \/><\/li>\n                <li style=\"display: none; width: 100%;\" class=\"slide-18 ms-image \" aria-roledescription=\"slide\" data-date=\"2016-03-02 11:14:38\" data-filename=\"Slide2.jpg\" data-slide-type=\"image\"><img loading=\"lazy\" decoding=\"async\" src=\"http:\/\/www.haslmaier.com\/bestattung\/wp-content\/uploads\/Slide2.jpg\" height=\"700\" width=\"2400\" alt=\"\" class=\"slider-17 slide-18 msDefaultImage\" \/><\/li>\n                <li style=\"display: none; width: 100%;\" class=\"slide-21 ms-image \" aria-roledescription=\"slide\" data-date=\"2016-03-02 11:15:02\" data-filename=\"Slide4.jpg\" data-slide-type=\"image\"><img loading=\"lazy\" decoding=\"async\" src=\"http:\/\/www.haslmaier.com\/bestattung\/wp-content\/uploads\/Slide4.jpg\" height=\"700\" width=\"2400\" alt=\"\" class=\"slider-17 slide-21 msDefaultImage\" \/><\/li>\n                <li style=\"display: none; width: 100%;\" class=\"slide-19 ms-image \" aria-roledescription=\"slide\" data-date=\"2016-03-02 11:14:42\" data-filename=\"Slide3.jpg\" data-slide-type=\"image\"><img loading=\"lazy\" decoding=\"async\" src=\"http:\/\/www.haslmaier.com\/bestattung\/wp-content\/uploads\/Slide3.jpg\" height=\"700\" width=\"2400\" alt=\"\" class=\"slider-17 slide-19 msDefaultImage\" \/><\/li>\n                <li style=\"display: none; width: 100%;\" class=\"slide-23 ms-image \" aria-roledescription=\"slide\" data-date=\"2016-03-02 11:15:18\" data-filename=\"Slide6.jpg\" data-slide-type=\"image\"><img loading=\"lazy\" decoding=\"async\" src=\"http:\/\/www.haslmaier.com\/bestattung\/wp-content\/uploads\/Slide6.jpg\" height=\"700\" width=\"2400\" alt=\"\" class=\"slider-17 slide-23 msDefaultImage\" \/><\/li>\n            <\/ul>\n        <\/div>\n        \n    <\/div>\n<\/div>\n<div class='conblock con-grey clearfix'><div class='conblock-inner'>\n<h1>Im Fall eines Sterbefalls<\/h1>\n<h3>Bestattung Haslmaier &#8211; Bestattung im Bezirk\u00a0Rohrbach<\/h3>\n<div class='colorline'><\/div>\n<p style=\"text-align: center;\"><strong>&#8222;Es ist eine Ferne, die war, von der wir kommen.\u00a0Es ist eine Ferne, die sein wird, zu der wir gehen.&#8220;<\/strong> <em>(-Johann Wolfgang von Goethe)<\/em><\/p>\n<div class='colorline'><\/div>\n<p>Meine Leistungen umfassen s\u00e4mtliche T\u00e4tigkeiten rund um die Organisation des Begr\u00e4bnisses\/der Beisetzung Ihres Verstorbenen! Folglich liste ich f\u00fcr Sie eine Checkliste auf, die es Ihnen erm\u00f6glicht, auf einen Blick alle T\u00e4tigkeiten rund um die Trauerfeier zu erfassen.<\/p>\n<p><strong>Vorbereitungst\u00e4tigkeiten zum Begr\u00e4bnis:<\/strong><\/p>\n<div class='cols2 cols gap clearfix'>\n<div class='col colspan '>\n<ul>\n<li><strong>Terminvereinbarung:\u00a0<\/strong>Sie w\u00e4hlen den f\u00fcr Sie passenden Begr\u00e4bnis-\/Beisetzungstermin aus und kontaktieren entweder mich oder\u00a0die Pfarre.\n<ul>\n<li>Pfarramt Sarleinsbach, Schulstra\u00dfe 1: +43 7283 8215<\/li>\n<li>Pfarrer Lindorfer: +43 676 887 635 68<\/li>\n<\/ul>\n<\/li>\n<li><strong>Totengr\u00e4ber<\/strong>: Um einen reibungslosen Ablauf zu gew\u00e4hrleisten, muss im Vorhinein ein Totengr\u00e4ber organisiert werden. Auch diesen Schritt kann ich mit Ihnen gehen, wenn Sie wollen.\n<ul>\n<li>Josef Thaller, Sch\u00f6lling 2, 4152 Sarleinsbach, Telefon: +43 676 821 253 589<\/li>\n<\/ul>\n<\/li>\n<li><strong>Vorbeten an den Vorabenden<\/strong>: Das Vorbeten stellt Sie und die geliebten Menschen im Umkreis des Verstorbenen auf das folgende Begr\u00e4bnis ein. Lassen Sie die Trauer zu! Maria H\u00f6fler ist die Ansprechperson f\u00fcr die Organisation des Vorbetens.\n<ul>\n<li>Maria H\u00f6fler:\u00a0+43 7283 8282<\/li>\n<\/ul>\n<\/li>\n<li><strong>Gestaltung der Aufbahrungshalle<\/strong>: Um w\u00fcrdevoll Abschied zu nehmen, geh\u00f6rt die sch\u00f6ne Gestaltung der Aufbahrungshalle dazu. Auch hier ist Maria H\u00f6fler Ihre Ansprechperson!\n<ul>\n<li>Maria H\u00f6fler:\u00a0+43 7283 8282<\/li>\n<\/ul>\n<\/li>\n<li><strong>Urkunden<\/strong>: Folgende Urkunden werden f\u00fcr den Beh\u00f6rdengang ben\u00f6tigt:\n<ul>\n<li>Geburtsurkunde<\/li>\n<li>Staatsb\u00fcrgerschaftsnachweis<\/li>\n<li>Heiratsurkunde<\/li>\n<li>(ev. Sterbeurkunde vom Ehe-Partner)<\/li>\n<\/ul>\n<\/li>\n<\/ul>\n<\/div>\n<div class='col colspan last'>\n<ul>\n<li><strong>Grabstein<\/strong>: Hier arbeite ich mit der Firma Simader aus Rohrbach zusammen. Diese entfernt und lagert Grabsteine.\n<ul>\n<li>Firma Simader: +43 7289 4279 oder\u00a0\u00a0+43 664 212 50 09<\/li>\n<\/ul>\n<\/li>\n<\/ul>\n<ul>\n<li><strong>Kleidungsst\u00fccke f\u00fcr die\/den Verstorbenen<\/strong>: Um den Verstorbenen w\u00fcrdevoll begraben zu k\u00f6nnen, w\u00e4hlen Sie bitte ihre\/ seine Lieblingskleidung aus und \u00fcbergeben Sie mir diese. Ich werde den Verstorbenen waschen und anziehen. Es besteht auf jeden Fall auch die M\u00f6glichkeit, dies selbst zu erledigen. Lassen Sie es mich wissen!\n<ul>\n<li>Unterw\u00e4sche, Socken, Schuhe<\/li>\n<li>Hemd\/ Bluse\/ Kleid,<\/li>\n<li>Hose<\/li>\n<\/ul>\n<\/li>\n<li><strong>Kreuztr\u00e4ger\/in<\/strong>: eine Person<\/li>\n<li><strong>Sargtr\u00e4ger\/innnen<\/strong>: Um den Sarg von der Kirche zu der letzten Ruhest\u00e4tte zu bef\u00f6rdern, braucht es mind. 4 Personen, max. 6 Personen. Diese k\u00f6nnen aus dem Freundes- oder Familienkreis stammen, oder ich organisiere diese!<\/li>\n<li><strong>Blumenschmuck<\/strong>: Blumen sind Ausdruck von Liebe, W\u00fcrde, Freude und auch Trauer. Um die Trauerfeier auch optisch zu unterstreichen, empfehle ich Ihnen die G\u00e4rtnerei H\u00f6glinger in Sarleinsbach.\n<ul>\n<li>G\u00e4rtnerei H\u00f6glinger:\u00a0+43 7283 8659 oder\u00a0\u00a0+43 664\u00a0543 69 09<\/li>\n<\/ul>\n<\/li>\n<li><strong>Drucksachen<\/strong>: Mit mir k\u00f6nnen Sie gerne alle Muster f\u00fcr die Drucksachen durchgehen. Sie ben\u00f6tigen lediglich ein Foto Ihres Verstorbenen. Individuelle Gestaltungen der Trauerbilder und Parte sind m\u00f6glich.<\/li>\n<li><strong>Musik<\/strong>: Musikalische Abrundung kann Ihnen ein Kirchenchor bieten. Dies ist jedoch sehr individuell. M\u00f6glich ist auch eine Musikgruppe<\/li>\n<\/ul>\n<\/div>\n<\/div>\n<div class='cols3 cols gap clearfix'>\n<div class='col colspan '>\n<p><img loading=\"lazy\" decoding=\"async\" class=\"alignnone size-medium wp-image-93\" src=\"http:\/\/www.haslmaier.com\/bestattung\/wp-content\/uploads\/Leistungen2-550x366.jpg\" alt=\"\" width=\"550\" height=\"366\" \/><\/p>\n<\/div>\n<div class='col colspan '>\n<p><img loading=\"lazy\" decoding=\"async\" class=\"alignnone size-medium wp-image-92\" src=\"http:\/\/www.haslmaier.com\/bestattung\/wp-content\/uploads\/Leistung-550x366.jpg\" alt=\"\" width=\"550\" height=\"366\" \/><\/p>\n<\/div>\n<div class='col colspan last'>\n<p><img loading=\"lazy\" decoding=\"async\" class=\"alignnone size-medium wp-image-91\" src=\"http:\/\/www.haslmaier.com\/bestattung\/wp-content\/uploads\/Leistugnen3-550x366.jpg\" alt=\"\" width=\"550\" height=\"366\" \/><\/p>\n<\/div>\n<\/div>\n<div class='colorline'><\/div>\n<h3>Empathie und Qualit\u00e4t\u00a0\u2013\u00a0Bestattung Haslmaier<\/h3>\n<p>F\u00fcr Fragen stehe ich\u00a0Ihnen gerne zur Verf\u00fcgung\u00a0 \u2013 kontaktieren Sie mich\u00a0unter der\u00a0Telefonnummer <strong>+43 664\u00a0853 82 52<\/strong>\u00a0oder schicken Sie\u00a0<a href=\"mailto:&#x72;&#x6f;&#x62;&#x65;&#x72;&#x74;&#x2e;&#x68;&#x61;&#x73;&#x6c;&#x6d;&#x61;&#x69;&#x65;&#x72;&#x40;&#x67;&#x6d;&#x61;&#x69;&#x6c;&#x2e;&#x63;&#x6f;&#x6d;\">Ihre Anfrage!<\/a><\/p>\n<\/div> <\/div>","protected":false},"excerpt":{"rendered":"","protected":false},"author":3,"featured_media":0,"parent":0,"menu_order":3,"comment_status":"closed","ping_status":"closed","template":"","meta":{"footnotes":""},"class_list":["post-34","page","type-page","status-publish","hentry"],"_links":{"self":[{"href":"http:\/\/www.haslmaier.com\/bestattung\/wp-json\/wp\/v2\/pages\/34","targetHints":{"allow":["GET"]}}],"collection":[{"href":"http:\/\/www.haslmaier.com\/bestattung\/wp-json\/wp\/v2\/pages"}],"about":[{"href":"http:\/\/www.haslmaier.com\/bestattung\/wp-json\/wp\/v2\/types\/page"}],"author":[{"embeddable":true,"href":"http:\/\/www.haslmaier.com\/bestattung\/wp-json\/wp\/v2\/users\/3"}],"replies":[{"embeddable":true,"href":"http:\/\/www.haslmaier.com\/bestattung\/wp-json\/wp\/v2\/comments?post=34"}],"version-history":[{"count":10,"href":"http:\/\/www.haslmaier.com\/bestattung\/wp-json\/wp\/v2\/pages\/34\/revisions"}],"predecessor-version":[{"id":451,"href":"http:\/\/www.haslmaier.com\/bestattung\/wp-json\/wp\/v2\/pages\/34\/revisions\/451"}],"wp:attachment":[{"href":"http:\/\/www.haslmaier.com\/bestattung\/wp-json\/wp\/v2\/media?parent=34"}],"curies":[{"name":"wp","href":"https:\/\/api.w.org\/{rel}","templated":true}]}}